{"id":5,"date":"2016-09-13T21:59:32","date_gmt":"2016-09-13T21:59:32","guid":{"rendered":"http:\/\/totaltheme.wpengine.com\/charlotte\/?page_id=5"},"modified":"2020-06-27T02:37:48","modified_gmt":"2020-06-27T02:37:48","slug":"a-cerca-de-mi","status":"publish","type":"page","link":"https:\/\/www.infracounter.com\/weblog\/a-cerca-de-mi\/","title":{"rendered":"Sobre m\u00ed"},"content":{"rendered":"[vc_row][vc_column][vc_column_text]\n<p style=\"text-align: left;\"><span style=\"font-size: 18px;\"><span style=\"color: #808080; font-family: helvetica;\">Sobre M\u00ed<\/span><\/span><\/p>\n[\/vc_column_text][\/vc_column][\/vc_row][vc_row][vc_column][vc_column_text]\n<p style=\"text-align: justify;\"><span style=\"font-family: helvetica; color: #666666; font-size: 16px;\"><span style=\"color: #808080;\">Hola amigos, soy Marlon Andrey, quiero compartirles sobre m\u00ed, tengo grandes objetivos en mi vida y durante un tiempo he iniciado en ejecutarlos; como suelo decir, todo es por proceso, ayer fue una idea y hoy es una realidad. Iniciar un proyecto, implementarlo y hacer constante seguimiento para que no muera con el tiempo, es complejo, pero jamas imposible; la receta es que si tienes aptitud positiva para lograr lo que deseas, lo har\u00e1s, para luego y luego continuar con el siguiente proyecto. Deseo que mis objetivos crezcan tanto como un Guayacan, fuerte y firme.\u00a0<\/span><\/span><\/p>\n<p style=\"text-align: justify;\"><span style=\"font-family: helvetica; color: #808080; font-size: 16px;\">Entre mis proyectos, nunca imagine que tendr\u00eda la habilidad y destreza para transmitir el conocimiento, hasta lograr que el receptor quede satisfecho durante el proceso de aprendizaje. Vaya que hoy en d\u00eda este se sumo a la lista de mis pasiones por realizar, el brindar conocimiento a quien lo necesita y desea aprender. En el trayecto de mi carrera he brindado mis servicios con pasi\u00f3n, profesionalismo y dedicaci\u00f3n a mis clientes para que reciban como resultado final un buen trabajo y superar sus expectativas.<\/span><\/p>\n<p style=\"text-align: justify;\"><span style=\"font-family: helvetica; color: #808080; font-size: 16px;\">Como ya sabes, este blog trata de un tema en especifico y es dedicado para todos aquellos que desean saber sobre la herramienta de Excel, sabemos que en nuestras actividades laborales y personales hemos requerido de este aplicativo para lograr desarrollar lo que se esta requiriendo en su momento, que mas feliz y motivado me siento de poder brindar esta espacio para que puedan ampliar sus conocimientos y resolver sus inquietudes que d\u00eda a d\u00eda siguen viviendo, vengo a decirte por este medio que eliminar\u00e9 de tu mente y pondr\u00e9 punto final al mito de que el manejo de Excel son para expertos.<\/span><\/p>\n<p style=\"text-align: justify;\"><span style=\"font-family: helvetica; color: #808080; font-size: 16px;\">Ahora quiero decirte que si estas leyendo esta linea en este preciso instante, es porque llame tu atenci\u00f3n desde el principio y ya sabes cual es el siguiente paso que debes dar; no te arrepentir\u00e1s, estas en el lugar indicado,\u00a0 una vez dentro no te abandonar\u00e9, eres mi responsabilidad para absorbas todo el conocimiento que estas buscando y necesitas.<\/span><\/p>\n[\/vc_column_text][vc_empty_space][vc_btn title=\u00bbInicio\u00bb style=\u00bbcustom\u00bb custom_background=\u00bb#005368&#8243; custom_text=\u00bb#fab800&#8243; shape=\u00bbround\u00bb align=\u00bbright\u00bb css_animation=\u00bbfadeIn\u00bb link=\u00bburl:https%3A%2F%2Fwww.infracounter.com%2Fweblog%2F|||\u00bb][\/vc_column][\/vc_row]\n","protected":false},"excerpt":{"rendered":"<p>[vc_row][vc_column][vc_column_text] Sobre M\u00ed [\/vc_column_text][\/vc_column][\/vc_row][vc_row][vc_column][vc_column_text] Hola amigos, soy Marlon Andrey, quiero compartirles sobre m\u00ed, tengo grandes objetivos en mi vida y durante un tiempo he iniciado en ejecutarlos; como suelo decir, todo es por proceso, ayer fue una idea y hoy es una realidad. Iniciar un proyecto, implementarlo y hacer constante seguimiento para que no muera&hellip;<\/p>\n","protected":false},"author":1,"featured_media":70,"parent":0,"menu_order":0,"comment_status":"closed","ping_status":"closed","template":"","meta":{"_monsterinsights_skip_tracking":false,"_monsterinsights_sitenote_active":false,"_monsterinsights_sitenote_note":"","_monsterinsights_sitenote_category":0,"footnotes":""},"yoast_head":"<!-- This site is optimized with the Yoast SEO plugin v22.8 - https:\/\/yoast.com\/wordpress\/plugins\/seo\/ -->\n<title>Sobre m\u00ed - Blog Excel de Infracounter un espacio para aprender<\/title>\n<meta name=\"description\" content=\"Infracounter narra un resume de quien es Marlon A. Mu\u00f1oz y el motivo de lanzar el Blog Excel de Infracounter, explora y diviertete en este espacio.\" \/>\n<meta name=\"robots\" content=\"index, follow, max-snippet:-1, max-image-preview:large, max-video-preview:-1\" \/>\n<link rel=\"canonical\" href=\"https:\/\/www.infracounter.com\/weblog\/a-cerca-de-mi\/\" \/>\n<meta property=\"og:locale\" content=\"es_ES\" \/>\n<meta property=\"og:type\" content=\"article\" \/>\n<meta property=\"og:title\" content=\"Sobre m\u00ed - Blog Excel de Infracounter un espacio para aprender\" \/>\n<meta property=\"og:description\" content=\"Infracounter narra un resume de quien es Marlon A. Mu\u00f1oz y el motivo de lanzar el Blog Excel de Infracounter, explora y diviertete en este espacio.\" \/>\n<meta property=\"og:url\" content=\"https:\/\/www.infracounter.com\/weblog\/a-cerca-de-mi\/\" \/>\n<meta property=\"og:site_name\" content=\"Weblog\" \/>\n<meta property=\"article:modified_time\" content=\"2020-06-27T02:37:48+00:00\" \/>\n<meta property=\"og:image\" content=\"https:\/\/www.infracounter.com\/weblog\/wp-content\/uploads\/sites\/6\/2020\/05\/sobre-mi-scaled.jpg\" \/>\n\t<meta property=\"og:image:width\" content=\"2048\" \/>\n\t<meta property=\"og:image:height\" content=\"2560\" \/>\n\t<meta property=\"og:image:type\" content=\"image\/jpeg\" \/>\n<meta name=\"twitter:card\" content=\"summary_large_image\" \/>\n<meta name=\"twitter:label1\" content=\"Tiempo de lectura\" \/>\n\t<meta name=\"twitter:data1\" content=\"2 minutos\" \/>\n<script type=\"application\/ld+json\" class=\"yoast-schema-graph\">{\"@context\":\"https:\/\/schema.org\",\"@graph\":[{\"@type\":\"WebPage\",\"@id\":\"https:\/\/www.infracounter.com\/weblog\/a-cerca-de-mi\/\",\"url\":\"https:\/\/www.infracounter.com\/weblog\/a-cerca-de-mi\/\",\"name\":\"Sobre m\u00ed - Blog Excel de Infracounter un espacio para aprender\",\"isPartOf\":{\"@id\":\"https:\/\/www.infracounter.com\/weblog\/#website\"},\"primaryImageOfPage\":{\"@id\":\"https:\/\/www.infracounter.com\/weblog\/a-cerca-de-mi\/#primaryimage\"},\"image\":{\"@id\":\"https:\/\/www.infracounter.com\/weblog\/a-cerca-de-mi\/#primaryimage\"},\"thumbnailUrl\":\"https:\/\/www.infracounter.com\/weblog\/wp-content\/uploads\/sites\/6\/2020\/05\/sobre-mi-scaled.jpg\",\"datePublished\":\"2016-09-13T21:59:32+00:00\",\"dateModified\":\"2020-06-27T02:37:48+00:00\",\"description\":\"Infracounter narra un resume de quien es Marlon A. Mu\u00f1oz y el motivo de lanzar el Blog Excel de Infracounter, explora y diviertete en este espacio.\",\"breadcrumb\":{\"@id\":\"https:\/\/www.infracounter.com\/weblog\/a-cerca-de-mi\/#breadcrumb\"},\"inLanguage\":\"es\",\"potentialAction\":[{\"@type\":\"ReadAction\",\"target\":[\"https:\/\/www.infracounter.com\/weblog\/a-cerca-de-mi\/\"]}]},{\"@type\":\"ImageObject\",\"inLanguage\":\"es\",\"@id\":\"https:\/\/www.infracounter.com\/weblog\/a-cerca-de-mi\/#primaryimage\",\"url\":\"https:\/\/www.infracounter.com\/weblog\/wp-content\/uploads\/sites\/6\/2020\/05\/sobre-mi-scaled.jpg\",\"contentUrl\":\"https:\/\/www.infracounter.com\/weblog\/wp-content\/uploads\/sites\/6\/2020\/05\/sobre-mi-scaled.jpg\",\"width\":2048,\"height\":2560,\"caption\":\"sobre m\u00ed\"},{\"@type\":\"BreadcrumbList\",\"@id\":\"https:\/\/www.infracounter.com\/weblog\/a-cerca-de-mi\/#breadcrumb\",\"itemListElement\":[{\"@type\":\"ListItem\",\"position\":1,\"name\":\"Portada\",\"item\":\"https:\/\/www.infracounter.com\/weblog\/\"},{\"@type\":\"ListItem\",\"position\":2,\"name\":\"Sobre m\u00ed\"}]},{\"@type\":\"WebSite\",\"@id\":\"https:\/\/www.infracounter.com\/weblog\/#website\",\"url\":\"https:\/\/www.infracounter.com\/weblog\/\",\"name\":\"Weblog\",\"description\":\"Otro sitio m\u00e1s de Infracounter sitios\",\"publisher\":{\"@id\":\"https:\/\/www.infracounter.com\/weblog\/#organization\"},\"potentialAction\":[{\"@type\":\"SearchAction\",\"target\":{\"@type\":\"EntryPoint\",\"urlTemplate\":\"https:\/\/www.infracounter.com\/weblog\/?s={search_term_string}\"},\"query-input\":\"required name=search_term_string\"}],\"inLanguage\":\"es\"},{\"@type\":\"Organization\",\"@id\":\"https:\/\/www.infracounter.com\/weblog\/#organization\",\"name\":\"Weblog\",\"url\":\"https:\/\/www.infracounter.com\/weblog\/\",\"logo\":{\"@type\":\"ImageObject\",\"inLanguage\":\"es\",\"@id\":\"https:\/\/www.infracounter.com\/weblog\/#\/schema\/logo\/image\/\",\"url\":\"https:\/\/www.infracounter.com\/weblog\/wp-content\/uploads\/sites\/6\/2020\/05\/blog-excel-03.png\",\"contentUrl\":\"https:\/\/www.infracounter.com\/weblog\/wp-content\/uploads\/sites\/6\/2020\/05\/blog-excel-03.png\",\"width\":2725,\"height\":1262,\"caption\":\"Weblog\"},\"image\":{\"@id\":\"https:\/\/www.infracounter.com\/weblog\/#\/schema\/logo\/image\/\"}}]}<\/script>\n<!-- \/ Yoast SEO plugin. -->","yoast_head_json":{"title":"Sobre m\u00ed - Blog Excel de Infracounter un espacio para aprender","description":"Infracounter narra un resume de quien es Marlon A. Mu\u00f1oz y el motivo de lanzar el Blog Excel de Infracounter, explora y diviertete en este espacio.","robots":{"index":"index","follow":"follow","max-snippet":"max-snippet:-1","max-image-preview":"max-image-preview:large","max-video-preview":"max-video-preview:-1"},"canonical":"https:\/\/www.infracounter.com\/weblog\/a-cerca-de-mi\/","og_locale":"es_ES","og_type":"article","og_title":"Sobre m\u00ed - Blog Excel de Infracounter un espacio para aprender","og_description":"Infracounter narra un resume de quien es Marlon A. Mu\u00f1oz y el motivo de lanzar el Blog Excel de Infracounter, explora y diviertete en este espacio.","og_url":"https:\/\/www.infracounter.com\/weblog\/a-cerca-de-mi\/","og_site_name":"Weblog","article_modified_time":"2020-06-27T02:37:48+00:00","og_image":[{"width":2048,"height":2560,"url":"https:\/\/www.infracounter.com\/weblog\/wp-content\/uploads\/sites\/6\/2020\/05\/sobre-mi-scaled.jpg","type":"image\/jpeg"}],"twitter_card":"summary_large_image","twitter_misc":{"Tiempo de lectura":"2 minutos"},"schema":{"@context":"https:\/\/schema.org","@graph":[{"@type":"WebPage","@id":"https:\/\/www.infracounter.com\/weblog\/a-cerca-de-mi\/","url":"https:\/\/www.infracounter.com\/weblog\/a-cerca-de-mi\/","name":"Sobre m\u00ed - Blog Excel de Infracounter un espacio para aprender","isPartOf":{"@id":"https:\/\/www.infracounter.com\/weblog\/#website"},"primaryImageOfPage":{"@id":"https:\/\/www.infracounter.com\/weblog\/a-cerca-de-mi\/#primaryimage"},"image":{"@id":"https:\/\/www.infracounter.com\/weblog\/a-cerca-de-mi\/#primaryimage"},"thumbnailUrl":"https:\/\/www.infracounter.com\/weblog\/wp-content\/uploads\/sites\/6\/2020\/05\/sobre-mi-scaled.jpg","datePublished":"2016-09-13T21:59:32+00:00","dateModified":"2020-06-27T02:37:48+00:00","description":"Infracounter narra un resume de quien es Marlon A. Mu\u00f1oz y el motivo de lanzar el Blog Excel de Infracounter, explora y diviertete en este espacio.","breadcrumb":{"@id":"https:\/\/www.infracounter.com\/weblog\/a-cerca-de-mi\/#breadcrumb"},"inLanguage":"es","potentialAction":[{"@type":"ReadAction","target":["https:\/\/www.infracounter.com\/weblog\/a-cerca-de-mi\/"]}]},{"@type":"ImageObject","inLanguage":"es","@id":"https:\/\/www.infracounter.com\/weblog\/a-cerca-de-mi\/#primaryimage","url":"https:\/\/www.infracounter.com\/weblog\/wp-content\/uploads\/sites\/6\/2020\/05\/sobre-mi-scaled.jpg","contentUrl":"https:\/\/www.infracounter.com\/weblog\/wp-content\/uploads\/sites\/6\/2020\/05\/sobre-mi-scaled.jpg","width":2048,"height":2560,"caption":"sobre m\u00ed"},{"@type":"BreadcrumbList","@id":"https:\/\/www.infracounter.com\/weblog\/a-cerca-de-mi\/#breadcrumb","itemListElement":[{"@type":"ListItem","position":1,"name":"Portada","item":"https:\/\/www.infracounter.com\/weblog\/"},{"@type":"ListItem","position":2,"name":"Sobre m\u00ed"}]},{"@type":"WebSite","@id":"https:\/\/www.infracounter.com\/weblog\/#website","url":"https:\/\/www.infracounter.com\/weblog\/","name":"Weblog","description":"Otro sitio m\u00e1s de Infracounter sitios","publisher":{"@id":"https:\/\/www.infracounter.com\/weblog\/#organization"},"potentialAction":[{"@type":"SearchAction","target":{"@type":"EntryPoint","urlTemplate":"https:\/\/www.infracounter.com\/weblog\/?s={search_term_string}"},"query-input":"required name=search_term_string"}],"inLanguage":"es"},{"@type":"Organization","@id":"https:\/\/www.infracounter.com\/weblog\/#organization","name":"Weblog","url":"https:\/\/www.infracounter.com\/weblog\/","logo":{"@type":"ImageObject","inLanguage":"es","@id":"https:\/\/www.infracounter.com\/weblog\/#\/schema\/logo\/image\/","url":"https:\/\/www.infracounter.com\/weblog\/wp-content\/uploads\/sites\/6\/2020\/05\/blog-excel-03.png","contentUrl":"https:\/\/www.infracounter.com\/weblog\/wp-content\/uploads\/sites\/6\/2020\/05\/blog-excel-03.png","width":2725,"height":1262,"caption":"Weblog"},"image":{"@id":"https:\/\/www.infracounter.com\/weblog\/#\/schema\/logo\/image\/"}}]}},"_links":{"self":[{"href":"https:\/\/www.infracounter.com\/weblog\/wp-json\/wp\/v2\/pages\/5"}],"collection":[{"href":"https:\/\/www.infracounter.com\/weblog\/wp-json\/wp\/v2\/pages"}],"about":[{"href":"https:\/\/www.infracounter.com\/weblog\/wp-json\/wp\/v2\/types\/page"}],"author":[{"embeddable":true,"href":"https:\/\/www.infracounter.com\/weblog\/wp-json\/wp\/v2\/users\/1"}],"replies":[{"embeddable":true,"href":"https:\/\/www.infracounter.com\/weblog\/wp-json\/wp\/v2\/comments?post=5"}],"version-history":[{"count":18,"href":"https:\/\/www.infracounter.com\/weblog\/wp-json\/wp\/v2\/pages\/5\/revisions"}],"predecessor-version":[{"id":311,"href":"https:\/\/www.infracounter.com\/weblog\/wp-json\/wp\/v2\/pages\/5\/revisions\/311"}],"wp:featuredmedia":[{"embeddable":true,"href":"https:\/\/www.infracounter.com\/weblog\/wp-json\/wp\/v2\/media\/70"}],"wp:attachment":[{"href":"https:\/\/www.infracounter.com\/weblog\/wp-json\/wp\/v2\/media?parent=5"}],"curies":[{"name":"wp","href":"https:\/\/api.w.org\/{rel}","templated":true}]}}